{"id":1187,"date":"2023-01-14T09:22:36","date_gmt":"2023-01-14T12:22:36","guid":{"rendered":"https:\/\/pedidosporchat.com\/batatusnacks\/?post_type=product&#038;p=1187"},"modified":"2026-01-03T19:22:12","modified_gmt":"2026-01-03T22:22:12","slug":"tortas-para-distintas-patologias","status":"publish","type":"product","link":"https:\/\/pedidosporchat.com\/batatusnacks\/producto\/tortas-para-distintas-patologias\/","title":{"rendered":"Tortas para distintas patolog\u00edas"},"content":{"rendered":"<p>Para patolog\u00edas renales, card\u00edacas y hep\u00e1ticas<\/p>\n<p>10 cm di\u00e1metro\u00a0 x 5 de alto<\/p>\n","protected":false},"excerpt":{"rendered":"<p>Para patolog\u00edas renales, card\u00edacas y hep\u00e1ticas 10 cm di\u00e1metro\u00a0 x 5 de alto<\/p>\n","protected":false},"featured_media":1186,"template":"","meta":[],"product_brand":[],"product_cat":[36],"product_tag":[],"class_list":{"0":"post-1187","1":"product","2":"type-product","3":"status-publish","4":"has-post-thumbnail","6":"product_cat-pasteles","8":"first","9":"onbackorder","10":"taxable","11":"shipping-taxable","12":"purchasable","13":"product-type-simple"},"_links":{"self":[{"href":"https:\/\/pedidosporchat.com\/batatusnacks\/wp-json\/wp\/v2\/product\/1187","targetHints":{"allow":["GET"]}}],"collection":[{"href":"https:\/\/pedidosporchat.com\/batatusnacks\/wp-json\/wp\/v2\/product"}],"about":[{"href":"https:\/\/pedidosporchat.com\/batatusnacks\/wp-json\/wp\/v2\/types\/product"}],"wp:featuredmedia":[{"embeddable":true,"href":"https:\/\/pedidosporchat.com\/batatusnacks\/wp-json\/wp\/v2\/media\/1186"}],"wp:attachment":[{"href":"https:\/\/pedidosporchat.com\/batatusnacks\/wp-json\/wp\/v2\/media?parent=1187"}],"wp:term":[{"taxonomy":"product_brand","embeddable":true,"href":"https:\/\/pedidosporchat.com\/batatusnacks\/wp-json\/wp\/v2\/product_brand?post=1187"},{"taxonomy":"product_cat","embeddable":true,"href":"https:\/\/pedidosporchat.com\/batatusnacks\/wp-json\/wp\/v2\/product_cat?post=1187"},{"taxonomy":"product_tag","embeddable":true,"href":"https:\/\/pedidosporchat.com\/batatusnacks\/wp-json\/wp\/v2\/product_tag?post=1187"}],"curies":[{"name":"wp","href":"https:\/\/api.w.org\/{rel}","templated":true}]}}